{"id":1253,"date":"2023-09-09T14:33:22","date_gmt":"2023-09-09T14:33:22","guid":{"rendered":"http:\/\/www.misjawswansea.org.uk\/?page_id=1253"},"modified":"2023-10-05T15:44:09","modified_gmt":"2023-10-05T15:44:09","slug":"ewangelia-sw-marka","status":"publish","type":"page","link":"http:\/\/www.misjawswansea.org.uk\/?page_id=1253","title":{"rendered":"Ewangelia \u015bw. Marka"},"content":{"rendered":"\n<p>Pytania pomocnicze do lektury tekstu. Po przeczytaniu rozdzia\u0142u Ewangelii spr\u00f3buj odpowiedzie\u0107 z pami\u0119ci na poni\u017csze Pytania. W razie k\u0142opot\u00f3w zajrzyj do ewangelii i przeczytaj jeszcze raz, tym razem uwa\u017cniej:<\/p>\n\n\n\n<h2 class=\"gb-headline gb-headline-542004d1 gb-headline-text\">Rozdzia\u0142 1:<\/h2>\n\n\n\n<ul class=\"wp-block-list\">\n<li>Od jakiego wydarzenia rozpoczyna si\u0119 Ewangelia Marka? <\/li>\n\n\n\n<li>sk\u0105d (z jakiego miasta) pochodzi\u0142 Jezus?<\/li>\n\n\n\n<li>Jakie imiona nosili pierwsi czterej uczniowie jezusa?<\/li>\n\n\n\n<li>gdzie (w jakim mie\u015bcie) mieszka\u0142 szymon?<\/li>\n\n\n\n<li> W jaki spos\u00f3b uzdrowiony z tr\u0105du skomplikowa\u0142 \u017cycie Jezusowi?<\/li>\n<\/ul>\n\n\n\n<h2 class=\"gb-headline gb-headline-7352b925 gb-headline-text\">Rozdzia\u0142 2:<\/h2>\n\n\n\n<ul class=\"wp-block-list\">\n<li>Co jezus uczyni\u0142 z paralitykiem zanim go uzdrowi\u0142?<\/li>\n\n\n\n<li>czyim synem by\u0142 celnik mateusz?<\/li>\n\n\n\n<li>ludzi jakiego typu przyszed\u0142 powo\u0142a\u0107 jezus?<\/li>\n\n\n\n<li>do jakich buk\u0142ak\u00f3w wlewa si\u0119 m\u0142ode wino, nowych czy starych?<\/li>\n\n\n\n<li>co zrobili uczniowe jezusa, \u017ce zostali oskar\u017ceni o z\u0142amanie prawa dotycz\u0105cego odpoczynku w szabat?<\/li>\n<\/ul>\n\n\n\n<h2 class=\"gb-headline gb-headline-1d8074ab gb-headline-text\">Rozdzia\u0142 3:<\/h2>\n\n\n\n<ul class=\"wp-block-list\">\n<li>Gdzie i kiedy zosta\u0142 uzdrowiony cz\u0142owiek z USCH\u0141A R\u0119k\u0105?<\/li>\n\n\n\n<li>Kogo przywo\u0142a\u0142 do siebie jezus na g\u00f3r\u0119 i jak\u0105 misj\u0119 im powierzy\u0142?<\/li>\n\n\n\n<li>w odpowiedzi na jakie s\u0142owa Jezus powiedzia\u0142, \u017ce &#8222;kto by zblu\u017ani\u0142 przeciw duchowi \u015bwi\u0119temu, winien jest grzechu wiecznego&#8221;?<\/li>\n\n\n\n<li>co takiego matka i bracia us\u0142yszeli o Jezusie, \u017ce wybrali si\u0119 go powstrzyma\u0107?<\/li>\n\n\n\n<li>Uzupe\u0142nij brakuj\u0105ce s\u0142owa Jezusa: &#8222;kto &#8230;&#8230;&#8230;.. , ten mi jest bratem, siostr\u0105 i matk\u0105&#8221;<\/li>\n<\/ul>\n\n\n\n<h2 class=\"gb-headline gb-headline-fcf60e08 gb-headline-text\">Rozdzia\u0142 4:<\/h2>\n\n\n\n<ul class=\"wp-block-list\">\n<li>Gdzie znajdowa\u0142 si\u0119 Jezus, kiedy m\u00f3wi\u0142 do ludzi przypowie\u015b\u0107 o siewcy?<\/li>\n\n\n\n<li>Z jakich powod\u00f3w s\u0141owo Bo\u017ce pozostaje bezowocne w ludziach symbolizowanych przez ziemi\u0119 skalist\u0105, a z jakich w tych symbolizowanych przez ciernie?<\/li>\n\n\n\n<li>Doko\u0144cz s\u0142owa jezusa: &#8222;Nie ma bowiem nic ukrytego, co by &#8230;&#8230;&#8230;&#8230;.&#8221;<\/li>\n\n\n\n<li>Czym si\u0119 r\u00f3\u017cni\u0142a nauka jezusa skierowana do uczni\u00f3w od tego, co naucza\u0142 t\u0142umy?<\/li>\n\n\n\n<li>podczas burzy na jeziorze czego konkretnie &#8222;Zl\u0119kli si\u0119 bardzo&#8221; uczniowie?<\/li>\n<\/ul>\n\n\n\n<h2 class=\"gb-headline gb-headline-75774a8d gb-headline-text\">Rozdzia\u0142 5:<\/h2>\n\n\n\n<ul class=\"wp-block-list\">\n<li>Jakie imi\u0119 i dlaczego takie nosi\u0142 Demon, kt\u00f3ry op\u0119ta\u0142 cz\u0142owieka z kraju geraze\u0144czyk\u00f3w?<\/li>\n\n\n\n<li>O co poprosili Jezusa okoliczni mieszka\u0144cy po uzdrowieniu op\u0119tanego?<\/li>\n\n\n\n<li>Czego dotkn\u0119\u0142a kobieta chora na up\u0142yw krwi, \u017ce zosta\u0142a zaraz uzdrowiona?<\/li>\n\n\n\n<li>Kt\u00f3rych aposto\u0142\u00f3w jezus wzi\u0105\u0142 ze sob\u0105 do miejsca, gdzie le\u017ca\u0142a zmar\u0142A c\u00f3rkA Jaira?<\/li>\n\n\n\n<li>Co dok\u0142adnie powiedzia\u0142 Jezus wskrzeszaj\u0105c z martwych dziewczynk\u0119 (po aramejsku i po polsku)?<\/li>\n<\/ul>\n\n\n\n<h2 class=\"gb-headline gb-headline-ad3d9dfe gb-headline-text\">Rozdzia\u0142 6:<\/h2>\n\n\n\n<ul class=\"wp-block-list\">\n<li>Dlaczego Jezus nie m\u00f3g\u0142 zdzia\u0142a\u0107 w nazarecie \u017badnego cudu?<\/li>\n\n\n\n<li>Co z wymienionych rzeczy Aposto\u0142owie <span style=\"text-decoration: underline;\">mogl<\/span>i wzi\u0105\u0107 ze sob\u0105 na misje: chleb, torb\u0119, sanda\u0142y, zapasowe ubranie, lask\u0119, pieni\u0105dze?<\/li>\n\n\n\n<li>jak\u0105 \u015bmierci\u0105 zgin\u0105\u0142 jan chrzciciel?<\/li>\n\n\n\n<li>ile chleba i ryb mieli uczniowie przed nakarmieniem t\u0142umu, a ile kosz\u00f3w pe\u0142nych resztek jedzenia zebrali na ko\u0144cu?<\/li>\n\n\n\n<li>dlaczego uczniowie nie zrozumieli sprawy z chlebami?<\/li>\n<\/ul>\n\n\n\n<h2 class=\"gb-headline gb-headline-12612c46 gb-headline-text\">Rozdzia\u0142 7:<\/h2>\n\n\n\n<ul class=\"wp-block-list\">\n<li>na co zwr\u00f3cili uwag\u0119 faryzeusze obserwuj\u0105c zachowanie uczni\u00f3w jezusa podczas posi\u0142ku?<\/li>\n\n\n\n<li>na czym konkretnie polega\u0142a ob\u0142uda faryzeusz\u00f3w?<\/li>\n\n\n\n<li>Sk\u0105d pochodz\u0105 kradzie\u017ce, zab\u00f3jstwa, cudzo\u0142\u00f3stwa itp.?<\/li>\n\n\n\n<li>w okolicy kt\u00f3rych miast dosz\u0142o do spotkania Jezusa z Syrofenicjank\u0105?<\/li>\n\n\n\n<li>Jakie aramejskie s\u0142owo Wypowiedzia\u0142 jezus przy uzdrowieniu g\u0142uchoniemego i co ono znaczy po polsku?<\/li>\n<\/ul>\n\n\n\n<h2 class=\"gb-headline gb-headline-066e8b3a gb-headline-text\">Rozdzia\u0142 8:<\/h2>\n\n\n\n<ul class=\"wp-block-list\">\n<li>co jezus zrobi\u0142 tu\u017c przed po\u0142amaniem i rozdaniem chleb\u00f3w i co zrobi\u0142 zanim poleci\u0142 rozda\u0107 ryby?<\/li>\n\n\n\n<li>O czym rozmawiali mi\u0119dzy sob\u0105 uczniowie po cudzie rozmno\u017cenia chleba?<\/li>\n\n\n\n<li>co powiedzia\u0142 jezus uzdrowionemu z betsaidy odsy\u0142aj\u0105c go do domu?<\/li>\n\n\n\n<li>za kogo jezusa uwa\u017cali ludzie, a za kogo uczniowie (piotr)?<\/li>\n\n\n\n<li>Doko\u0144cz s\u0142owa jezusa: &#8222;Je\u015bli kto chce p\u00f3j\u015b\u0107 za Mn\u0105, niech &#8230;&#8230;., niech &#8230;&#8230;. i niech &#8230;&#8230;&#8221;<\/li>\n<\/ul>\n\n\n\n<h2 class=\"gb-headline gb-headline-85ff6690 gb-headline-text\">Rozdzia\u0142 9:<\/h2>\n\n\n\n<ul class=\"wp-block-list\">\n<li>Kt\u00f3re postacie starego Testamentu ukaza\u0142y si\u0119 w czasie przemienienia Jezusa?<\/li>\n\n\n\n<li>dlaczego uczniowie jezusa nie mogli wyrzuci\u0107 ducha niemego i g\u0142uchego z op\u0119tanego ch\u0142opca?<\/li>\n\n\n\n<li>o co posprzecza\u0142o si\u0119 dwunastu aposto\u0142\u00f3w w drodze do kafarnaum?<\/li>\n\n\n\n<li>Recepta na wielko\u015b\u0107, doko\u0144cz zdanie Jezusa: &#8222;Je\u015bli kto chce by\u0107 pierwszym, niech b\u0119dzie &#8230;. I &#8230;.. &#8222;.<\/li>\n\n\n\n<li>Lepiej sobie uwi\u0105za\u0107 kamie\u0144 m\u0142y\u0144ski u szyi i wrzuci\u0107 go w morze ni\u017c &#8230; (co zrobi\u0107)?<\/li>\n<\/ul>\n\n\n\n<h2 class=\"gb-headline gb-headline-f5b95747 gb-headline-text\">Rozdzia\u0142 10:<\/h2>\n\n\n\n<ul class=\"wp-block-list\">\n<li>doko\u0144cz odpowied\u017a jezusa na pytanie, czy mo\u017cna si\u0119 rozwodzi\u0107: &#8222;Co wi\u0119c B\u00f3g &#8230;&#8230;&#8230;, cz\u0142owiek niech &#8230;&#8230;&#8230;&#8230;&#8230;&#8230;&#8230;&#8221;.<\/li>\n\n\n\n<li>czego brakowa\u0142o bogatemu cz\u0142owiekowi do osi\u0105gni\u0119cia \u017cycia wiecznego?<\/li>\n\n\n\n<li>Bogatemu jest trudniej wej\u015b\u0107 do kr\u00f3lestwa bo\u017cego Ni\u017c wielb\u0142\u0105dowi &#8230;.. (Co zrobi\u0107)?<\/li>\n\n\n\n<li>O co poprosili Jezusa synowie zebedusza? (a przy okazji jak si\u0119 nazywali?)<\/li>\n\n\n\n<li>co, wed\u0142ug s\u0142\u00f3w jezusa, uzdrowi\u0142o niewidomego \u017bebraka bartymeusza?<\/li>\n<\/ul>\n\n\n\n<h2 class=\"gb-headline gb-headline-f6de1b6c gb-headline-text\">Rozdzia\u0142 11:<\/h2>\n\n\n\n<ul class=\"wp-block-list\">\n<li>Co wyj\u0105tkowego by\u0142o w osio\u0142ku, kt\u00f3rego jezus kaza\u0142 sobie przyprowadzi\u0107?<\/li>\n\n\n\n<li>dlaczego Jezus nie znalaz\u0142 \u017cadnych fig na drzewie figowym?<\/li>\n\n\n\n<li>Wyrzuciwszy ze \u015bwi\u0105tyni sprzedawc\u00f3w, jezus powiedzia\u0142, \u017ce co zrobili z domu modlitwy?<\/li>\n\n\n\n<li> jakie dwa warunki trzeba spe\u0142ni\u0107, \u017ceby spe\u0142ni\u0142o si\u0119 to, o co si\u0119 prosi w modlitwie?<\/li>\n\n\n\n<li>jak brzmia\u0142a ostateczna odpowied\u017a Jezusa na pytanie arcykap\u0142an\u00f3w, uczonych w pi\u015bmie i starszych &#8222;jakim prawem to czynisz?&#8221;?<\/li>\n<\/ul>\n\n\n\n<h2 class=\"gb-headline gb-headline-5ee87f18 gb-headline-text\">Rozdzia\u0142 12:<\/h2>\n\n\n\n<ul class=\"wp-block-list\">\n<li>Co zrobili rolnicy z synem w\u0142a\u015bciciela winnicy?<\/li>\n\n\n\n<li>Powt\u00f3rz z pami\u0119ci Zdanie Jezusa, kt\u00f3rym unikn\u0105\u0142 &#8222;Podatkowej&#8221; pu\u0142apki i wzbudzi\u0142 podziw faryzeusz\u00f3w.<\/li>\n\n\n\n<li>Kto zada\u0142 jezusowi zagadk\u0119 o kobiecie, jej siedmiu kolejnych m\u0119\u017cach i zmartwychwstaniu?<\/li>\n\n\n\n<li>jakie s\u0105 dwa najwa\u017cniejsze przykazania starego testamentu?<\/li>\n\n\n\n<li>dlaczego wdowa wrzuci\u0142a do skarbony najwi\u0119cej, mimo \u017ce wrzuci\u0142a mniej ni\u017c wielu bogatych?<\/li>\n<\/ul>\n\n\n\n<h2 class=\"gb-headline gb-headline-9ed7cb12 gb-headline-text\">Rozdzia\u0142 13:<\/h2>\n\n\n\n<ul class=\"wp-block-list\">\n<li>Co, wed\u0142ug Przepowiedni Jezusa, stanie si\u0119 ze \u015bwi\u0105tyni\u0105 jerozolimsk\u0105?<\/li>\n\n\n\n<li>Kto b\u0119dzie nienawidzi\u0142 uczni\u00f3w z powodu imienia Jezusa?<\/li>\n\n\n\n<li>Dlaczego uczniowie maj\u0105 si\u0119 nie martwi\u0107 o to, co powiedzie\u0107, kiedy stan\u0105 przed s\u0105dem?<\/li>\n\n\n\n<li>kto tylko wie, kiedy jezus przyjdzie ponownie?<\/li>\n\n\n\n<li>co mamy robi\u0107, \u017ceby by\u0107 przygotowanym na dzie\u0144 przyj\u015bcia Chrystusa?<\/li>\n<\/ul>\n\n\n\n<h2 class=\"gb-headline gb-headline-5d2464c0 gb-headline-text\">Rozdzia\u0142 14:<\/h2>\n\n\n\n<ul class=\"wp-block-list\">\n<li>Na kt\u00f3r\u0105 cz\u0119\u015b\u0107 cia\u0142a jezusa wyla\u0142a olejek nardowy kobieta w domu szymona tr\u0119dowatego?<\/li>\n\n\n\n<li>co powiedzia\u0142 jezus o chlebie, a co o kielichu, kt\u00f3re da\u0142 aposto\u0142om podczas wieczerzy?<\/li>\n\n\n\n<li>ilu aposto\u0142\u00f3w opu\u015bci\u0142o jezusa i uciek\u0142o podczas aresztowania w ogrodzie gethsemani?<\/li>\n\n\n\n<li>gdzie zaprowadzono jezusa po aresztowaniu?<\/li>\n\n\n\n<li>Kt\u00f3ry raz zapia\u0142 kogut po trzecim zaparciu si\u0119 jezusa przez piotra?<\/li>\n<\/ul>\n\n\n\n<h2 class=\"gb-headline gb-headline-5bb05bb3 gb-headline-text\">Rozdzia\u0142 15:<\/h2>\n\n\n\n<ul class=\"wp-block-list\">\n<li>Jaki by\u0142 prawdziwy pow\u00f3d, dla kt\u00f3rego arcykap\u0142ani oskar\u017cyli Jezusa przed pi\u0142atem?<\/li>\n\n\n\n<li>z jakiego powodu pi\u0142at skaza\u0142 jezusa na ukrzy\u017cOWANIE?<\/li>\n\n\n\n<li>o kt\u00f3rej godzinie jezus zosta\u0142 ukrzy\u017cowany, a o kt\u00f3rej umar\u0142?<\/li>\n\n\n\n<li>Jak nale\u017cy przet\u0142umaczy\u0107 s\u0142owa, kt\u00f3re jezus wypowiedzia\u0142 tu\u017c przed \u015bmierci\u0105: &#8222;Eloi, eloi, lema sabachthani&#8221; ?<\/li>\n\n\n\n<li>co j\u00f3zef z arymatei zrobi\u0142 z cia\u0142em Jezusa?<\/li>\n<\/ul>\n\n\n\n<h2 class=\"gb-headline gb-headline-5fbdd902 gb-headline-text\">Rozdzia\u0142 16:<\/h2>\n\n\n\n<ul class=\"wp-block-list\">\n<li>Kiedy i po co kobiety posz\u0142y do grobu Jezusa?<\/li>\n\n\n\n<li>Co zobaczy\u0142y po przybyciu na miejsce?<\/li>\n\n\n\n<li>Jakie dosta\u0142y zadanie (i czy je wykona\u0142y)?<\/li>\n\n\n\n<li>Komu ukaza\u0142 si\u0119 zmartwychwsta\u0142y jezus? Wymie\u0144 wszystkie grupy po kolei.<\/li>\n\n\n\n<li>Jak\u0105 misj\u0119 zleci\u0142 Jezus jedenastu aposto\u0142om przed wniebowst\u0105pieniem?<\/li>\n<\/ul>\n<div class = 'socialMediaOnEveryPost'>Zapraszamy do udost\u0119pniania!<div id=\"sgmbShare1-1\" class=\"sgmbShare jssocials-theme-minima sgmbWidget1-1\"><\/div><div class=\"dropdownWrapper dropdownWrapper1 dropdownWrapper-for-widget \" id=\"dropdownWrapper-for-widget\">\r\n\t\t\t\t\t\t<div class=\"dropdownLabel\" id=\"dropdownLabel-share-list\"><span class=\"sgmbButtonListLabel1\">Share List<\/span><\/div>\r\n\t\t\t\t\t\t<div class=\"dropdownPanel dropdownPanel1-1\">\r\n\t\t\t\t\t\t<\/div>\r\n\t\t\t\t\t<\/div><script>  SGMB_URL = \"http:\/\/www.misjawswansea.org.uk\/wp-content\/plugins\/social-media-builder\/\"; jQuery(\".dropdownWrapper\").hide(); SGMB_GOOGLE_ACOUNT = \"\"; <\/script><script type=\"text\/javascript\">\r\n\t\tjQuery(document).ready(function($){var widget = new SGMBWidget();widget.show({\"id\":\"1\",\"title\":\"Zapraszamy do udost\\u0119pniania!\",\"options\":{\"currentUrl\":\"1\",\"url\":\"\",\"shareText\":\"\",\"fontSize\":\"16\",\"betweenButtons\":\"1px\",\"theme\":\"classic\",\"sgmbButtonsPosition\":\"bottomCenter\",\"socialTheme\":\"minima\",\"icon\":\"cloud\",\"buttonsPanelEffect\":\"shake\",\"buttonsEffect\":\"flip\",\"iconsEffect\":\"flip\",\"buttons\":\"{\\\"facebook\\\":{\\\"label\\\":\\\"Share\\\",\\\"icon\\\":\\\"cloud-facebook\\\"},\\\"twitter\\\":{\\\"label\\\":\\\"Tweet\\\",\\\"icon\\\":\\\"cloud-twitter\\\",\\\"via\\\":\\\"\\\",\\\"hashtags\\\":\\\"\\\"},\\\"googleplus\\\":{\\\"label\\\":\\\"+1\\\",\\\"icon\\\":\\\"cloud-googleplus\\\"},\\\"email\\\":{\\\"label\\\":\\\"E-mail\\\",\\\"icon\\\":\\\"cloud-email\\\"}}\",\"roundButton\":\"\",\"showLabels\":\"on\",\"showCounts\":\"\",\"showCenter\":\"\",\"showButtonsAsList\":\"\",\"sgmbDropdownColor\":\"\",\"sgmbDropdownLabelFontSize\":\"14\",\"sgmbDropdownLabelColor\":\"\",\"showButtonsOnEveryPost\":\"on\",\"selectedOrExcluded\":\"\",\"showButtonsOnEveryPage\":\"\",\"textOnEveryPost\":\"Zapraszamy do udost\\u0119pniania!\",\"showButtonsOnCustomPost\":\"\",\"textOnCustomPost\":\"\",\"showButtonsOnMobileDirect\":\"on\",\"showButtonsOnDesktopDirect\":\"on\",\"sgmbSelectedPages\":[\"\"],\"sgmbExcludedPosts\":[\"\"],\"sgmbSelectedCustomPosts\":[],\"showButtonsInPopup\":\"\",\"titleOfPopup\":\"\",\"descriptionOfPopup\":\"\",\"showPopupOnLoad\":\"\",\"showPopupOnScroll\":\"\",\"showPopupOnExit\":\"\",\"openSecondsOfPopup\":\"\",\"googleAnaliticsAccount\":\"\"},\"buttonOptions\":{\"facebook\":{\"label\":\"Share\",\"icon\":\"cloud-facebook\"},\"twitter\":{\"label\":\"Tweet\",\"icon\":\"cloud-twitter\",\"via\":\"\",\"hashtags\":\"\"},\"googleplus\":{\"label\":\"+1\",\"icon\":\"cloud-googleplus\"},\"email\":{\"label\":\"E-mail\",\"icon\":\"cloud-email\"}},\"button\":[\"facebook\",\"twitter\",\"googleplus\",\"email\"]}, 1, '', 'http:\/\/www.misjawswansea.org.uk\/wp-content\/plugins\/social-media-builder\/\/img\/no-image.png', '', 'http:\/\/www.misjawswansea.org.uk\/?page_id=1253'); });<\/script><\/div><script> jQuery(\".socialMediaOnEveryPost\").addClass(\"sgmb-center\") <\/script>","protected":false},"excerpt":{"rendered":"<p>Pytania pomocnicze do lektury tekstu. Po przeczytaniu rozdzia\u0142u Ewangelii spr\u00f3buj odpowiedzie\u0107 z pami\u0119ci na poni\u017csze Pytania. W razie k\u0142opot\u00f3w zajrzyj do ewangelii i przeczytaj jeszcze raz, tym razem uwa\u017cniej: Rozdzia\u0142 1: Rozdzia\u0142 2: Rozdzia\u0142 3: Rozdzia\u0142 4: Rozdzia\u0142 5: Rozdzia\u0142 6: Rozdzia\u0142 7: Rozdzia\u0142 8: Rozdzia\u0142 9: Rozdzia\u0142 10: Rozdzia\u0142 11: Rozdzia\u0142 12: Rozdzia\u0142 13:&hellip;&nbsp;<a href=\"http:\/\/www.misjawswansea.org.uk\/?page_id=1253\" rel=\"bookmark\">Dowiedz si\u0119 wi\u0119cej &raquo;<span class=\"screen-reader-text\">Ewangelia \u015bw. Marka<\/span><\/a><\/p>\n","protected":false},"author":4,"featured_media":0,"parent":0,"menu_order":0,"comment_status":"closed","ping_status":"closed","template":"","meta":{"neve_meta_sidebar":"","neve_meta_container":"","neve_meta_enable_content_width":"","neve_meta_content_width":0,"neve_meta_title_alignment":"","neve_meta_author_avatar":"","neve_post_elements_order":"","neve_meta_disable_header":"","neve_meta_disable_footer":"","neve_meta_disable_title":"","footnotes":""},"class_list":["post-1253","page","type-page","status-publish","hentry"],"_links":{"self":[{"href":"http:\/\/www.misjawswansea.org.uk\/index.php?rest_route=\/wp\/v2\/pages\/1253","targetHints":{"allow":["GET"]}}],"collection":[{"href":"http:\/\/www.misjawswansea.org.uk\/index.php?rest_route=\/wp\/v2\/pages"}],"about":[{"href":"http:\/\/www.misjawswansea.org.uk\/index.php?rest_route=\/wp\/v2\/types\/page"}],"author":[{"embeddable":true,"href":"http:\/\/www.misjawswansea.org.uk\/index.php?rest_route=\/wp\/v2\/users\/4"}],"replies":[{"embeddable":true,"href":"http:\/\/www.misjawswansea.org.uk\/index.php?rest_route=%2Fwp%2Fv2%2Fcomments&post=1253"}],"version-history":[{"count":24,"href":"http:\/\/www.misjawswansea.org.uk\/index.php?rest_route=\/wp\/v2\/pages\/1253\/revisions"}],"predecessor-version":[{"id":1358,"href":"http:\/\/www.misjawswansea.org.uk\/index.php?rest_route=\/wp\/v2\/pages\/1253\/revisions\/1358"}],"wp:attachment":[{"href":"http:\/\/www.misjawswansea.org.uk\/index.php?rest_route=%2Fwp%2Fv2%2Fmedia&parent=1253"}],"curies":[{"name":"wp","href":"https:\/\/api.w.org\/{rel}","templated":true}]}}