{"id":587,"date":"2022-10-12T12:35:08","date_gmt":"2022-10-12T12:35:08","guid":{"rendered":"http:\/\/www.misjawswansea.org.uk\/?page_id=587"},"modified":"2023-09-15T14:35:31","modified_gmt":"2023-09-15T14:35:31","slug":"587-2","status":"publish","type":"page","link":"http:\/\/www.misjawswansea.org.uk\/","title":{"rendered":"MSZA \u015aWI\u0118TA"},"content":{"rendered":"<div class=\"gb-container gb-container-4a1220e8\"><div class=\"gb-inside-container\">\n<div class=\"gb-grid-wrapper gb-grid-wrapper-f249e5ba\">\n<div class=\"gb-grid-column gb-grid-column-dccaaeea\"><div class=\"gb-container gb-container-dccaaeea\"><div class=\"gb-inside-container\">\n\n<figure class=\"gb-block-image gb-block-image-213d32f6\"><img loading=\"lazy\" decoding=\"async\" width=\"900\" height=\"900\" class=\"gb-image gb-image-213d32f6\" src=\"http:\/\/www.misjawswansea.org.uk\/wp-content\/uploads\/2022\/10\/Briton-Ferry.jpg\" alt=\"\" title=\"Briton-Ferry\" srcset=\"http:\/\/www.misjawswansea.org.uk\/wp-content\/uploads\/2022\/10\/Briton-Ferry.jpg 900w, http:\/\/www.misjawswansea.org.uk\/wp-content\/uploads\/2022\/10\/Briton-Ferry-300x300.jpg 300w, http:\/\/www.misjawswansea.org.uk\/wp-content\/uploads\/2022\/10\/Briton-Ferry-150x150.jpg 150w, http:\/\/www.misjawswansea.org.uk\/wp-content\/uploads\/2022\/10\/Briton-Ferry-768x768.jpg 768w\" sizes=\"auto, (max-width: 900px) 100vw, 900px\" \/>\n<figcaption class=\"gb-headline gb-headline-8aa7f5be gb-headline-text\"><strong>Sobota 18:00,  Czwartek 19:00 <\/strong><\/figcaption>\n<\/figure>\n\n\n\n<pre class=\"wp-block-preformatted has-medium-font-size\"><strong>Ko\u015bci\u00f3\u0142 Our Lady of the Assumption\nNeath Road, SA11 2YR\nBriton Ferry<\/strong><\/pre>\n\n<\/div><\/div><\/div>\n\n<div class=\"gb-grid-column gb-grid-column-86b74012\"><div class=\"gb-container gb-container-86b74012\"><div class=\"gb-inside-container\">\n\n<figure class=\"gb-block-image gb-block-image-4d6dd364\"><img loading=\"lazy\" decoding=\"async\" width=\"900\" height=\"900\" class=\"gb-image gb-image-4d6dd364\" src=\"http:\/\/www.misjawswansea.org.uk\/wp-content\/uploads\/2022\/10\/Llanelli-1.jpg\" alt=\"\" title=\"Llanelli-1\" srcset=\"http:\/\/www.misjawswansea.org.uk\/wp-content\/uploads\/2022\/10\/Llanelli-1.jpg 900w, http:\/\/www.misjawswansea.org.uk\/wp-content\/uploads\/2022\/10\/Llanelli-1-300x300.jpg 300w, http:\/\/www.misjawswansea.org.uk\/wp-content\/uploads\/2022\/10\/Llanelli-1-150x150.jpg 150w, http:\/\/www.misjawswansea.org.uk\/wp-content\/uploads\/2022\/10\/Llanelli-1-768x768.jpg 768w\" sizes=\"auto, (max-width: 900px) 100vw, 900px\" \/>\n<figcaption class=\"gb-headline gb-headline-6772bbdd gb-headline-text\"><strong>Niedziela 12:00<\/strong> <\/figcaption>\n<\/figure>\n\n\n\n<pre class=\"wp-block-preformatted has-medium-font-size\"><strong>Ko\u015bci\u00f3\u0142 Our Lady Queen of Peace\nWaunt-lan-yr-afon Road, SA15 3AB\nLlanelli<\/strong><\/pre>\n\n<\/div><\/div><\/div>\n\n<div class=\"gb-grid-column gb-grid-column-ceb0ad89\"><div class=\"gb-container gb-container-ceb0ad89\"><div class=\"gb-inside-container\">\n\n<figure class=\"gb-block-image gb-block-image-34671c69\"><img loading=\"lazy\" decoding=\"async\" width=\"1018\" height=\"900\" class=\"gb-image gb-image-34671c69\" src=\"http:\/\/www.misjawswansea.org.uk\/wp-content\/uploads\/2022\/10\/Lampeter-1.jpg\" alt=\"\" title=\"Lampeter-1\" srcset=\"http:\/\/www.misjawswansea.org.uk\/wp-content\/uploads\/2022\/10\/Lampeter-1.jpg 1018w, http:\/\/www.misjawswansea.org.uk\/wp-content\/uploads\/2022\/10\/Lampeter-1-300x265.jpg 300w, http:\/\/www.misjawswansea.org.uk\/wp-content\/uploads\/2022\/10\/Lampeter-1-768x679.jpg 768w\" sizes=\"auto, (max-width: 1018px) 100vw, 1018px\" \/>\n<figcaption class=\"gb-headline gb-headline-05c61a16 gb-headline-text\"><strong>Druga i czwarta niedziela miesi\u0105ca 18:00<\/strong><\/figcaption>\n<\/figure>\n\n\n\n<pre class=\"wp-block-preformatted has-medium-font-size\"><strong>Ko\u015bci\u00f3\u0142 Our Lady of Mount Carmel\nPontfaen Road, SA48 7BS\nLampeter<\/strong><\/pre>\n\n<\/div><\/div><\/div>\n<\/div>\n\n\n<h2 class=\"gb-headline gb-headline-414ae530 gb-headline-text\">ADORACJA<\/h2>\n\n\n\n<p><b style=\"color: rgb(71, 52, 31); font-family: Courier; font-size: 20px; letter-spacing: var(--bodyletterspacing); text-transform: var(--bodytexttransform); background-color: rgba(192, 180, 72, 0.72);\">W ka\u017cdy czwartek o 18:30 oraz dodatkowo w I czwartek miesi\u0105ca po mszy do 21:00.<\/b><\/p>\n\n\n\n<h2 class=\"gb-headline gb-headline-e8d0df01 gb-headline-text\">SPOWIED\u0179<\/h2>\n\n\n\n<p><b style=\"color: rgb(71, 52, 31); font-family: Courier; font-size: 20px; letter-spacing: var(--bodyletterspacing); text-transform: var(--bodytexttransform); background-color: rgba(192, 180, 72, 0.72);\">P\u00d3\u0141 GODZINY PRZED KA\u017bD\u0104 MSZ\u0104 \u015aWI\u0118T\u0104. w przypadku d\u0142u\u017cszej spowiedzi lub rozmowy prosz\u0119 o <a href=\"http:\/\/www.misjawswansea.org.uk\/?page_id=23\" data-type=\"internal\" data-id=\"#Kontakt\" target=\"_blank\" rel=\"noreferrer noopener\">KONTAKT<\/a>. <\/b><\/p>\n\n<\/div><\/div><div class = 'socialMediaOnEveryPost'>Zapraszamy do udost\u0119pniania!<div id=\"sgmbShare1-1\" class=\"sgmbShare jssocials-theme-minima sgmbWidget1-1\"><\/div><div class=\"dropdownWrapper dropdownWrapper1 dropdownWrapper-for-widget \" id=\"dropdownWrapper-for-widget\">\r\n\t\t\t\t\t\t<div class=\"dropdownLabel\" id=\"dropdownLabel-share-list\"><span class=\"sgmbButtonListLabel1\">Share List<\/span><\/div>\r\n\t\t\t\t\t\t<div class=\"dropdownPanel dropdownPanel1-1\">\r\n\t\t\t\t\t\t<\/div>\r\n\t\t\t\t\t<\/div><script>  SGMB_URL = \"http:\/\/www.misjawswansea.org.uk\/wp-content\/plugins\/social-media-builder\/\"; jQuery(\".dropdownWrapper\").hide(); SGMB_GOOGLE_ACOUNT = \"\"; <\/script><script type=\"text\/javascript\">\r\n\t\tjQuery(document).ready(function($){var widget = new SGMBWidget();widget.show({\"id\":\"1\",\"title\":\"Zapraszamy do udost\\u0119pniania!\",\"options\":{\"currentUrl\":\"1\",\"url\":\"\",\"shareText\":\"\",\"fontSize\":\"16\",\"betweenButtons\":\"1px\",\"theme\":\"classic\",\"sgmbButtonsPosition\":\"bottomCenter\",\"socialTheme\":\"minima\",\"icon\":\"cloud\",\"buttonsPanelEffect\":\"shake\",\"buttonsEffect\":\"flip\",\"iconsEffect\":\"flip\",\"buttons\":\"{\\\"facebook\\\":{\\\"label\\\":\\\"Share\\\",\\\"icon\\\":\\\"cloud-facebook\\\"},\\\"twitter\\\":{\\\"label\\\":\\\"Tweet\\\",\\\"icon\\\":\\\"cloud-twitter\\\",\\\"via\\\":\\\"\\\",\\\"hashtags\\\":\\\"\\\"},\\\"googleplus\\\":{\\\"label\\\":\\\"+1\\\",\\\"icon\\\":\\\"cloud-googleplus\\\"},\\\"email\\\":{\\\"label\\\":\\\"E-mail\\\",\\\"icon\\\":\\\"cloud-email\\\"}}\",\"roundButton\":\"\",\"showLabels\":\"on\",\"showCounts\":\"\",\"showCenter\":\"\",\"showButtonsAsList\":\"\",\"sgmbDropdownColor\":\"\",\"sgmbDropdownLabelFontSize\":\"14\",\"sgmbDropdownLabelColor\":\"\",\"showButtonsOnEveryPost\":\"on\",\"selectedOrExcluded\":\"\",\"showButtonsOnEveryPage\":\"\",\"textOnEveryPost\":\"Zapraszamy do udost\\u0119pniania!\",\"showButtonsOnCustomPost\":\"\",\"textOnCustomPost\":\"\",\"showButtonsOnMobileDirect\":\"on\",\"showButtonsOnDesktopDirect\":\"on\",\"sgmbSelectedPages\":[\"\"],\"sgmbExcludedPosts\":[\"\"],\"sgmbSelectedCustomPosts\":[],\"showButtonsInPopup\":\"\",\"titleOfPopup\":\"\",\"descriptionOfPopup\":\"\",\"showPopupOnLoad\":\"\",\"showPopupOnScroll\":\"\",\"showPopupOnExit\":\"\",\"openSecondsOfPopup\":\"\",\"googleAnaliticsAccount\":\"\"},\"buttonOptions\":{\"facebook\":{\"label\":\"Share\",\"icon\":\"cloud-facebook\"},\"twitter\":{\"label\":\"Tweet\",\"icon\":\"cloud-twitter\",\"via\":\"\",\"hashtags\":\"\"},\"googleplus\":{\"label\":\"+1\",\"icon\":\"cloud-googleplus\"},\"email\":{\"label\":\"E-mail\",\"icon\":\"cloud-email\"}},\"button\":[\"facebook\",\"twitter\",\"googleplus\",\"email\"]}, 1, '', 'http:\/\/www.misjawswansea.org.uk\/wp-content\/uploads\/2022\/10\/Briton-Ferry.jpg', '', 'http:\/\/www.misjawswansea.org.uk\/'); });<\/script><\/div><script> jQuery(\".socialMediaOnEveryPost\").addClass(\"sgmb-center\") <\/script>","protected":false},"excerpt":{"rendered":"<p>ADORACJA W ka\u017cdy czwartek o 18:30 oraz dodatkowo w I czwartek miesi\u0105ca po mszy do 21:00. SPOWIED\u0179 P\u00d3\u0141 GODZINY PRZED KA\u017bD\u0104 MSZ\u0104 \u015aWI\u0118T\u0104. w przypadku d\u0142u\u017cszej spowiedzi lub rozmowy prosz\u0119 o KONTAKT. Zapraszamy do udost\u0119pniania! Share List<\/p>\n","protected":false},"author":4,"featured_media":0,"parent":0,"menu_order":0,"comment_status":"closed","ping_status":"closed","template":"","meta":{"neve_meta_sidebar":"","neve_meta_container":"","neve_meta_enable_content_width":"","neve_meta_content_width":0,"neve_meta_title_alignment":"","neve_meta_author_avatar":"","neve_post_elements_order":"","neve_meta_disable_header":"","neve_meta_disable_footer":"","neve_meta_disable_title":"","footnotes":""},"class_list":["post-587","page","type-page","status-publish","hentry"],"_links":{"self":[{"href":"http:\/\/www.misjawswansea.org.uk\/index.php?rest_route=\/wp\/v2\/pages\/587","targetHints":{"allow":["GET"]}}],"collection":[{"href":"http:\/\/www.misjawswansea.org.uk\/index.php?rest_route=\/wp\/v2\/pages"}],"about":[{"href":"http:\/\/www.misjawswansea.org.uk\/index.php?rest_route=\/wp\/v2\/types\/page"}],"author":[{"embeddable":true,"href":"http:\/\/www.misjawswansea.org.uk\/index.php?rest_route=\/wp\/v2\/users\/4"}],"replies":[{"embeddable":true,"href":"http:\/\/www.misjawswansea.org.uk\/index.php?rest_route=%2Fwp%2Fv2%2Fcomments&post=587"}],"version-history":[{"count":108,"href":"http:\/\/www.misjawswansea.org.uk\/index.php?rest_route=\/wp\/v2\/pages\/587\/revisions"}],"predecessor-version":[{"id":1288,"href":"http:\/\/www.misjawswansea.org.uk\/index.php?rest_route=\/wp\/v2\/pages\/587\/revisions\/1288"}],"wp:attachment":[{"href":"http:\/\/www.misjawswansea.org.uk\/index.php?rest_route=%2Fwp%2Fv2%2Fmedia&parent=587"}],"curies":[{"name":"wp","href":"https:\/\/api.w.org\/{rel}","templated":true}]}}